the highest common factor of 344 and 4214?
86
Calculate the greatest common factor of 1372 and 490.
98
What is the greatest common divisor of 270 and 2862?
54
What is the highest common factor of 260 and 100?
20
Calculate the greatest common factor of 1695 and 15.
15
What is the highest common divisor of 147 and 1407?
21
What is the highest common factor of 441 and 196?
49
What is the greatest common factor of 299 and 26?
13
Calculate the greatest common divisor of 35 and 140.
35
Calculate the greatest common divisor of 896 and 16.
16
What is the highest common factor of 28829 and 454?
227
Calculate the greatest common factor of 45 and 120.
15
What is the greatest common factor of 34 and 4?
2
What is the greatest common factor of 40 and 1424?
8
What is the greatest common divisor of 147 and 618?
3
Calculate the highest common divisor of 253 and 55.
11
Calculate the greatest common divisor of 12 and 436.
4
What is the greatest common divisor of 841 and 58?
29
What is the greatest common factor of 372 and 558?
186
Calculate the highest common factor of 32 and 56.
8
What is the highest common factor of 8414 and 14?
14
What is the highest common factor of 36 and 600?
12
Calculate the highest common factor of 2760 and 312.
24
What is the highest common divisor of 4541 and 19?
19
What is the highest common divisor of 38 and 8?
2
Calculate the greatest common factor of 24 and 18.
6
Calculate the highest common divisor of 400 and 480.
80
What is the greatest common factor of 54 and 126?
18
What is the greatest common factor of 553 and 158?
79
What is the highest common factor of 2162 and 92?
46
What is the greatest common factor of 417 and 139?
139
Calculate the greatest common divisor of 6 and 34.
2
Calculate the highest common divisor of 720 and 45.
45
What is the greatest common factor of 16 and 8?
8
Calculate the highest common factor of 74 and 259.
37
Calculate the greatest common divisor of 13 and 8.
1
What is the highest common divisor of 20 and 20?
20
Calculate the greatest common divisor of 4165 and 35.
35
What is the highest common divisor of 92 and 828?
92
What is the greatest common divisor of 3388 and 28?
28
What is the highest common divisor of 969 and 114?
57
Calculate the greatest common factor of 702 and 36.
18
Calculate the greatest common divisor of 1328 and 16.
16
What is the highest common factor of 140 and 40?
20
What is the highest common divisor of 85 and 20?
5
Calculate the greatest common factor of 603 and 268.
67
What is the highest common factor of 32 and 32?
32
Calculate the greatest common factor of 635 and 3.
1
What is the greatest common factor of 7935 and 6?
3
What is the greatest common divisor of 12 and 1842?
6
Calculate the greatest common factor of 35 and 56.
7
What is the greatest common divisor of 2983 and 314?
157
Calculate the greatest common divisor of 201 and 469.
67
Calculate the greatest common divisor of 22 and 385.
11
Calculate the highest common factor of 16 and 3548.
4
Calculate the highest common divisor of 1664 and 169.
13
Calculate the greatest common divisor of 10 and 6740.
10
What is the greatest common factor of 192 and 4512?
96
What is the greatest common factor of 40 and 440?
40
What is the greatest common factor of 627 and 11?
11
What is the highest common divisor of 32 and 36?
4
What is the greatest common divisor of 768 and 60?
12
Calculate the highest common factor of 4 and 254.
2
What is the highest common divisor of 11268 and 9?
9
What is the highest common factor of 6921 and 27?
9
What is the highest common divisor of 60 and 24?
12
What is the highest common factor of 64 and 24?
8
What is the greatest common factor of 29973 and 873?
291
What is the greatest common divisor of 2000 and 80?
80
What is the greatest common divisor of 44 and 704?
44
What is the greatest common divisor of 990 and 9735?
165
Calculate the highest common divisor of 7 and 1379.
7
Calculate the greatest common divisor of 6 and 1041.
3
What is the greatest common divisor of 735 and 210?
105
What is the highest common divisor of 228 and 7676?
76
What is the greatest common divisor of 2325 and 150?
75
Calculate the greatest common divisor of 10 and 2390.
10
Calculate the greatest common factor of 128 and 16.
16
Calculate the highest common divisor of 2214 and 54.
54
Calculate the greatest common divisor of 86 and 5074.
86
Calculate the greatest common factor of 282 and 6.
6
Calculate the greatest common factor of 126 and 14.
14
What is the highest common factor of 51 and 38658?
51
What is the highest common divisor of 110 and 130?
10
Calculate the highest common factor of 17071 and 43.
43
What is the highest common factor of 2375 and 19?
19
What is the highest common factor of 11 and 297?
11
Calculate the greatest common divisor of 10229 and 579.
193
What is the greatest common factor of 324 and 36?
36
Calculate the greatest common divisor of 441 and 2352.
147
Calculate the highest common factor of 525 and 819.
21
Calculate the highest common factor of 30 and 330.
30
What is the highest common factor of 32 and 30240?
32
What is the greatest common divisor of 144 and 16?
16
What is the greatest common divisor of 5 and 25?
5
What is the greatest common factor of 59 and 236?
59
Calculate the highest common divisor of 6918 and 18.
6
What is the greatest common factor of 81 and 2?
1
What is the greatest common factor of 64 and 56?
8
Calculate the highest common factor of 102 and 5559.
51
What is the highest common factor of 32782 and 37?
37
Calculate the greatest common divisor of 118 and 2.
2
Calculate the greatest common divisor of 61 and 26.
1
What is the highest common divisor of 68 and 221?
17
What is the highest common divisor of 3 and 27?
3
What is the greatest common factor of 770 and 28?
14
What is the greatest common factor of 77 and 49?
7
What is the greatest common factor of 28 and 406?
14
Calculate the greatest common factor of 18 and 774.
18
What is the highest common factor of 4 and 13?
1
Calculate the highest common divisor of 3537 and 27.
27
Calculate the greatest common divisor of 1118 and 43.
43
What is the highest common factor of 12 and 264?
12
Calculate the highest common divisor of 608 and 160.
32
What is the highest common factor of 623 and 4272?
89
Calculate the highest common divisor of 75 and 7440.
15
Calculate the highest common factor of 31 and 6.
1
What is the highest common factor of 11 and 31559?
11
Calculate the greatest common divisor of 1860 and 60.
60
What is the greatest common factor of 135 and 460?
5
What is the greatest common divisor of 11 and 7117?
11
Calculate the highest common factor of 100 and 380.
20
Calculate the greatest common divisor of 567 and 81.
81
What is the highest common factor of 9 and 8406?
9
Calculate the highest common divisor of 7869 and 387.
129
What is the highest common factor of 187 and 9823?
11
What is the greatest common divisor of 3703 and 7?
7
Calculate the highest common divisor of 136 and 1139.
17
Calculate the greatest common factor of 318 and 424.
106
What is the highest common factor of 225 and 5?
5
Calculate the highest common divisor of 351 and 52.
13
What is the greatest common divisor of 144 and 88?
8
Calculate the greatest common factor of 120 and 660.
60
Calculate the greatest common divisor of 932 and 4.
4
Calculate the greatest common divisor of 1024 and 64.
64
What is the highest common factor of 351 and 4887?
27
Calculate the highest common factor of 8 and 72.
8
What is the greatest common divisor of 4335 and 765?
255
What is the highest common divisor of 22 and 913?
11
Calculate the greatest common divisor of 19147 and 41.
41
What is the highest common divisor of 574 and 14?
14
What is the greatest common divisor of 247 and 104?
13
What is the greatest common factor of 40 and 5?
5
Calculate the highest common divisor of 248 and 186.
62
What is the greatest common divisor of 14352 and 26?
26
What is the greatest common factor of 27004 and 172?
172
Calculate the highest common divisor of 34 and 2278.
34
What is the greatest common divisor of 552 and 84?
12
What is the greatest common divisor of 64 and 20464?
16
Calculate the highest common factor of 848 and 53.
53
Calculate the highest common factor of 1 and 71.
1
What is the highest co